+ -12))
-12
Evaluate (3 - (-6 + (-4 - -7))) + (7 - 1).
12
What is -8 - ((48 - 35) + 6)?
-27
Evaluate (16 - 1) + 14 + -39.
-10
3 + (-1 + 3 - -31) + (67 - 77)
26
-3 + 22 + -14 + -18 + -14
-27
Calculate 155 + -207 + (-4 - 1 - -23).
-34
Evaluate (-10 - (13 + -25)) + 14.
16
Calculate 9 + (-2 - -3) + (230 - 225).
15
What is the value of 1 + (3 - 15 - -5) + -13 + 10?
-9
(-2 - -3) + 0 + 2 - (413 - 415)
5
Evaluate -281 + 291 + -2 + 0 + -6.
2
What is 35 + (1 - 15) + (-2 - 9)?
10
Calculate 3 + (5 + -8 + 16 - (-13 + 16)).
13
What is the value of 5 + (10 - (0 - -2) - (17 + -12))?
8
What is the value of (1 - (0 + 0 + -3)) + 271 + -285?
-10
Calculate -77 + 80 - (-2 + -1 + (-1 - -4)).
3
Calculate -4 - (-3 + (7 + 7 - 6) - -3).
-12
Calculate -4 - 13 - (-36 + 21).
-2
What is (-1 + 8 - 8) + -8?
-9
What is the value of -10 + 1 + 29 + -21 - 6 - -21?
14
What is the value of -7 + (-3 - (-3 - -2)) - (-492 + 493)?
-10
What is (40 - 54) + -12 - (1 - -1)?
-28
What is the value of 12 - (24 - (20 - 27))?
-19
-21 + -19 + (2 - -11 - -3)
-24
What is the value of (10 - ((5 - -8) + 6)) + 15?
6
Calculate -64 - -58 - ((-3 - (-3 + 0)) + 0).
-6
What is the value of -21 + 32 - (10 - 4)?
5
Evaluate 11 + ((4 - -1) + -14 - -14).
16
Evaluate -9 + 19 + 3 + -10 + -17.
-14
What is -7 + 21 + -4 + -30 + -2 + -7?
-29
(-7 + -13 + 8 - -5) + 12
5
Evaluate 1 + (0 - 0 - -9) - 12 - -6.
4
What is the value of (-4 - (-29 - -15)) + 9 + (-6 - 2)?
11
Evaluate 8 + (19 - (29 + -9)).
7
What is the value of 23 - (-39 - -32) - 50?
-20
What is -16 - (-4 - 3) - (-21 - (8 - 10))?
10
Evaluate (3 - -10) + 22 - 29.
6
Evaluate -21 + (-10 - (-50 + 0)).
19
(12 - 34) + 15 + 13
6
Calculate (29 - 41 - (-12 - -2)) + (1 - 1).
-2
Calculate (-2 - -19) + (-421 - -387).
-17
-15 + -2 + 5 - (19 + -5 - 15)
-11
Calculate (-8 + (-10 + 7 - -4) - -6) + -16.
-17
Calculate -8 - (-4 + 9 - (2 + 14)).
3
Evaluate -38 + 43 + -7 + -2 + 26.
22
What is the value of -1 - 4 - (23 + -16) - -6?
-6
What is 7 + -6 + 6 - 6 - -5?
6
What is the value of -1 + (13 + 1 - -1) - (4 + 1)?
9
Evaluate (-18 - 6 - -29) + (-4 - 0).
1
1 - 6 - 51 - -14 - (1 + -7)
-36
-245 - -235 - (-5 - -5)
-10
What is the value of (10 - 2) + -3 + -15 + -7?
-17
Evaluate -10 + -8 + 18 + (-2 + 4 - 4).
-2
Evaluate -4 - (19 + (-17 - -1)).
-7
Calculate 37 + 5 + (-7 - 17).
18
Evaluate -6 + -18 + 20 - 12.
-16
Calculate 2 - -14 - 17 - (0 - -10).
-11
What is (-19 - (-8 + -1)) + -6?
-16
What is the value of (-19 - -7) + 18 + 6?
12
Evaluate -19 - (-38 - (-18 + 6)) - (1 + 20).
-14
Calculate 0 - (1 + -2 + (1 - 0) + 2).
-2
Evaluate -7 + 11 + -8 + 5 - (4 + 3).
-6
Calculate -16 - (-12 - 1) - 0.
-3
Evaluate 1 + 3 + 1 - (105 + -100).
0
What is the value of 1 - (-1 + (7 - -3) - (18 + -22))?
-12
Calculate (28 + 10 - 17) + -5.
16
What is the value of (25 - (7 + (6 - -4))) + 1 + 5?
14
What is the value of 33 - (9 - (9 - 29))?
4
What is the value of -22 + (12 - (-19 + 5))?
4
Evaluate 14 + -8 + (-1 + 1 - -2).
8
-11 - (-8 - (-6 + 5)) - -12
8
Evaluate (-9 - 6) + -3 - -14.
-4
What is the value of 14 - ((-2 - (-3 + -5)) + -3)?
11
(10 - 0) + (13 - 14 - 4) - 10
-5
(-22 - 0) + 1 + (37 - 21) + -7
-12
What is -5 - 1 - (-1 + (-2 - -7 - 8))?
-2
What is 45 + (15 + -58 - -20)?
22
Evaluate -16 + (-4 - (-28 - -10)).
-2
Calculate 14 - (-2 - (1 - -4) - (-48 + 37)).
10
-14 - 5 - (3 + -9)
-13
Calculate (-23 + -1 - (-217 - -204)) + (-21 - 0).
-32
-15 - (8 - -3 - 1 - 2 - 9)
-14
Evaluate 0 - (0 + (14 + -8 - 3)).
-3
Evaluate 11 + (11 - 38) - -4.
-12
Calculate -3 - (0 - -1) - (-50 + 39 + -3).
10
What is the value of -7 + 0 - (1 - -1) - (1296 + -1305)?
0
What is the value of 6 + -18 + 1 + 12?
1
(2 - 0) + (-1689 - -1714)
27
What is the value of (-15 - (-5 - -1)) + 7?
-4
Calculate (-8 - (11 + -25) - 10) + 2 + -1.
-3
Evaluate 13 + (-51 - -21) - -4.
-13
What is (-38 - -1 - -3) + 94 + -87?
-27
-10 + -34 + 15 + 29
0
What is the value of -16 + (13 - -31) - (-2 - (2 - 9))?
23
Evaluate -8 - (14 - 38) - 36.
-20
What is (10 - 10) + (1 + 2 - (0 - 7))?
10
What is the value of (-8 - 2) + 10 + 5 + (-2 - 5)?
-2
What is the value of -8 + (21 - (10 + -7))?
10
Evaluate (-5 - -18) + -7 + -1 + -3 + 10.
12
What is the value of (-33 - (0 + 1)) + (6 - -2)?
-26
Calculate -8 - (-17 - 14 - -8).
15
What is -7 + -2 - (8 - (0 - -5 - -2))?
-10
Evaluate -6 + (-5 - 0) + (-5 - 0).
-16
What is (16 - 20 - -7) + -10 - (-21 + 2)?
12
What is the value of 10 - 4 - (23 + 0 + 0)?
-17
What is 15 + 9 + -6 + -13?
5
What is the value of -31 + -6 + 22 - -21?
6
Calculate -9 + (-10 - -23 - -11).
15
-69 - (-58 - 43) - (3 - -1)
28
Calculate 8 - 9 - (-4 - (-5 - (1 + -4))).
1
What is 10 + (3 - (18 + -11)) + (8 - 0)?
14
What is the value of (14 - 0) + (21 - 25)?
10
What is the value of -7 - (14 + (-1 - 6) + -6)?
-8
What is the value of 12 - 14 - (12 + (-5 - 12))?
3
Evaluate (29 - 40) + (-19 - ((0 - 1) + -6)).
-23
-2 + 2 + (44 + -40 - (1 - 2))
5
What is -6 + 25 - 17 - -8?
10
Evaluate (-64 - -51) + (0 - -3).
-10
Evaluate 7 + 4 + -15 + 2.
-2
Evaluate 1 - -6 - (7 + 74 + -63).
-11
Calculate -29 - (0 + 3) - (69 + -73).
-28
Calculate -9 + 1 - (-21 - 1 - 12 - 11).
37
6 - (-28 + -11 + 32)
13
(1 - -3) + (5 - 6) - 8
-5
-12 + 0 + (-58 - -19 - -46)
-5
What is 0 - (10 + -25 - -24)?
-9
Calculate 1 + -9 + -4 + 12 + -21.
-21
What is the value of -1 + 5 - (394 + -383)?
-7
What is the value of 0 + 5 + (8 - (20 + -21))?
14
What is the value of (8 - -1) + (11 - 21 - 5 - 9)?
-15
Evaluate 10 - (-3 + -1 - -4).
10
Calculate 10 - (-9 - (5 + -24)) - (-1 + 7).
-6
Evaluate -27 - ((-28 + 24 - (3 - 9)) + -5).
-24
What is 14 - (-36 + 47 + (0 - (-4 - -3)))?
2
1 - (-17 - ((-6 - -2) + (0 - -2)))
16
3 + (-2 - (-1 - (0 + -8 + 1)))
-5
Evaluate -10 + -1 - (-23 + 13 + 15).
-16
Calculate 2 + -21 + 104 + -80.
5
Calculate 0 - ((5 - (10 + 1)) + 3).
3
2 - -9 - 32 - (-19 + 2)
-4
2 + (-1 - -2 - (0 + -11 + 19))
-5
Evaluate 6 + 12 + (-18 - 7).
-7
What is -17 + 0 - (74 + -115)?
24
What is (-2 - (7 + -2)) + 12?
5
What is the value of 14 - (-5 + (1 - (-2 - 3)))?
13
What is the value of -15 - (-16 - (-7 - 7))?
-13
0 + -4 + -1 + 104 + -80
19
(0 - 16 - 0) + 59 + -135 + 74
-18
Calculate 5 + 9 - (-4 - -25).
-7
Evaluate (-19 - (13 + -3 + -9)) + 3.
-17
What is the value of (4 - (6 + 0) - 0) + 5 - 5?
-2
What is the value of 15 + (-9 + 2 + 0 - (6 - 4))?
6
What is the value of (-34 - -22) + 0 + 4 + -8?
-16
(5 - 0) + 3 + (-8 - -10 - 6)
4
Evaluate 36 + (25 - 66) + -9.
-14
Evaluate (-3 - 8) + 2 + (-11 - -6 - -3).
-11
What is the value of -3 + 1 + 5 + (0 + -2 - -5)?
6
0 + (10 - (-3 + 7)) + -23 + 4
-13
What is 13 + -2 + (-8 - -7) - 19?
-9
-17 + (-3 + 5 - 2) + -6 + 8
-15
What is the value of -13 - (-12 + -14) - 25?
-12
Evaluate -4 + (1 + 7 - (30 + -24)) + 3.
1
Calculate 7 + (5 - (1 + 3 + -2 + 1)).
9
-12 - (6 + 15 + -38)
5
7 + 45 - (-14 - -55)
11
Calculate (14 + -17 - -4) + -13.
-12
Calculate 1 + (3 - 1) + (-2 - -1).
2
What is (-14 - -1) + (-118 - -125) + 18 + 12?
24
Evaluate (1 - 1) + -33 + 23 + 2 + 0.
-8
-1 + -7 + 1 + 9 + -2
0
Evaluate (-1 - 6) + -29 + 9 + (-1 - -1).
-27
(-15 - -20 - -18) + -11
12
Calculate -8 + (-10 - 18) + 26.
-10
What is the value of 2 - (30 + (-12 - 0))?
-16
What is -9 - (12 - (-7 + 1 - -12))?
-15
-8 + -1 + (102 - 85)
8
What is -3 + 5 - ((-11 + 5 - -10) + -9)?
7
What is 18 + (-7 - (45 - 37))?
3
Calculate -87 + 68 - (3 + -6).
-16
Calculate -20 - (23 - ((1 - -9) + (-13 - -15))).
-31
13 - -1 - (-120 - -156) - -5
-17
Evaluate (-15 - -18) + (15 - 0) + -6.
12
What is -3 + 2 + 3 + 30 - 13?
19
6 - (11 - -19 - 12)
-12
Calculate 1 + 6 + -11 + -3.
-7
(215 - 205) + (-9 - -1)
2
What is the value of (-1 - 7 - -17 - 3) + 1 - 24?
-17
Calculate -2 + 5 + -9 + 3.
-3
Evaluate -22 - -11 - (6 + 1) - -5 - 5.
-18
What is 2 - 5 - ((-2 - (-2 + 7)) + 9)?
-5
Calculate 22 + -2 + (-3 + -11 - -6).
12
-2 + (11 - (30 + -16))
-5
What is (-11 - -1 - -24) + -7?
7
What is the value of (-14 - -17 - -7) + -5?
5
Calculate -2 + (-5 - -3) + -3 + -5.
-12
Evaluate -2 - (3 - -2 - 6) - 8.
-9
What is 21 + -38 + 29 + -14?
-2
Evaluate 9 + -20 + -27 + 25.
-13
Calculate 10 - -6 - (19 - -16).
-19
What is the value of (-3 - (-13 - -8)) + -13?
-11
Calculate (-2 - -4) + (-29 - (-17 - -7) - -44).
27
Calculate -14 + -1 - -14 - 4.
-5
Evaluate (1169 - 1215) + (0 - -22).
-24
Calculate 2 - -7 - ((-22 + 10 - 1) + -6).
28
Calculate 6 + 0 + -20 + 18 + -10.
-6
Evaluate -84 - -75 - (5 +